mber?
False
Is 8557243571 composite?
False
Is 7596154129 a prime number?
False
Is 2236581266 a prime number?
False
Is 49766789461 a composite number?
False
Is 49278654281 a composite number?
True
Is 4152529801 a prime number?
False
Is 297892579 a composite number?
False
Is 24796469591 a prime number?
False
Is 1417568323 a prime number?
True
Is 107064509 prime?
False
Is 29302423273 prime?
True
Is 118776667 a prime number?
True
Is 74868083 prime?
True
Is 295321673 a prime number?
False
Is 315702559 composite?
True
Is 18443381233 composite?
False
Is 23337248813 prime?
False
Is 12220070209 prime?
False
Is 979445029 prime?
True
Is 4177106503 a composite number?
False
Is 15332403797 composite?
False
Is 10911399803 composite?
False
Is 1725365099 a composite number?
False
Is 19324987 composite?
True
Is 49185263 prime?
True
Is 18226765181 composite?
False
Is 15023661259 a prime number?
True
Is 4602782311 a composite number?
True
Is 9720240221 a prime number?
True
Is 25009111509 a prime number?
False
Is 4009828549 composite?
True
Is 1024022093 a prime number?
True
Is 2199162601 a composite number?
False
Is 3114186239 prime?
False
Is 2438127338 a prime number?
False
Is 100174649087 prime?
True
Is 69752062561 a composite number?
False
Is 443944541 prime?
True
Is 854299349 a composite number?
True
Is 4522489799 a prime number?
True
Is 2778537743 a prime number?
False
Is 11285705833 composite?
True
Is 168016682897 prime?
False
Is 16758803 a composite number?
False
Is 10375120801 composite?
False
Is 21489999943 a prime number?
False
Is 5092481183 a prime number?
True
Is 841589737 prime?
True
Is 446188517 a composite number?
False
Is 1895914249 a composite number?
False
Is 7349327329 prime?
True
Is 1509269779 composite?
False
Is 23370052967 prime?
True
Is 26375050879 prime?
False
Is 911286523 prime?
False
Is 229630393 a composite number?
False
Is 1506740519 composite?
False
Is 1010659171 prime?
True
Is 996762229 a composite number?
True
Is 5528114903 a prime number?
True
Is 42157105897 composite?
False
Is 2881258913 prime?
False
Is 196244431 composite?
True
Is 767951167 composite?
True
Is 144415615 a composite number?
True
Is 40502115421 a prime number?
False
Is 868716083 a prime number?
False
Is 68714188271 prime?
True
Is 13713621379 a composite number?
True
Is 201862105199 prime?
False
Is 4247591363 a composite number?
False
Is 6713137105 prime?
False
Is 502439939 prime?
True
Is 29799693809 composite?
False
Is 2377342657 a composite number?
True
Is 206808923 composite?
False
Is 105033852745 prime?
False
Is 158876657 prime?
False
Is 575591179 composite?
False
Is 3690844849 a composite number?
False
Is 1833842149 composite?
False
Is 72001141111 a prime number?
True
Is 14417486747 a composite number?
False
Is 306911981 prime?
False
Is 865040717 a prime number?
True
Is 7586791379 a composite number?
True
Is 177000181 a prime number?
False
Is 252211013 a prime number?
True
Is 10278329419 prime?
False
Is 7686848201 a composite number?
False
Is 63956918953 composite?
False
Is 25776362593 a prime number?
True
Is 1275330351 a composite number?
True
Is 47675553361 a prime number?
True
Is 2185182253 prime?
True
Is 472886782491 a prime number?
False
Is 22356427 prime?
False
Is 815690999 prime?
True
Is 147000251 composite?
True
Is 194374703 composite?
False
Is 87841799315 a composite number?
True
Is 11221576991 a composite number?
False
Is 366977760983 prime?
True
Is 129198077 a composite number?
False
Is 552559929 a prime number?
False
Is 4403996533 a composite number?
True
Is 3854110213 prime?
True
Is 574611067 a prime number?
False
Is 2946680027 a prime number?
False
Is 4301351111 prime?
False
Is 2616937513 prime?
True
Is 10313753039 prime?
False
Is 49289470843 a composite number?
False
Is 2148062311 a composite number?
True
Is 19749999119 prime?
False
Is 165007847 a prime number?
True
Is 30443144965 prime?
False
Is 335890729 prime?
True
Is 384354949 prime?
False
Is 558440209 a prime number?
False
Is 711311329 a prime number?
False
Is 4472118667 prime?
False
Is 693646379 composite?
False
Is 2342948021 a prime number?
False
Is 6850798949 composite?
True
Is 2964555179 a prime number?
False
Is 4198197989 composite?
False
Is 17116628171 prime?
False
Is 9779522921 composite?
True
Is 30831549631 a composite number?
False
Is 465320239 a composite number?
True
Is 3104045899 prime?
True
Is 63392320787 prime?
False
Is 987399293 a composite number?
False
Is 4439943359 composite?
False
Is 1190124079 a prime number?
True
Is 120950699923 a composite number?
True
Is 1313505983 a prime number?
True
Is 3677263393 a composite number?
False
Is 2462734013 a composite number?
True
Is 48729491 a composite number?
True
Is 54713423 a prime number?
True
Is 655104763 composite?
True
Is 8881001579 composite?
False
Is 88511592907 a prime number?
False
Is 21169406777 prime?
True
Is 4770864281 a composite number?
False
Is 103405065353 a composite number?
False
Is 35345092537 a prime number?
False
Is 24056991377 a composite number?
True
Is 2772957729 a composite number?
True
Is 6985042179 a prime number?
False
Is 4356017009 composite?
False
Is 643968317 composite?
False
Is 15878506279 a composite number?
False
Is 2373097141 composite?
False
Is 78022606901 prime?
True
Is 218781242873 composite?
True
Is 362895833 composite?
False
Is 211589383 composite?
True
Is 230882503 a composite number?
True
Is 271909439 a composite number?
False
Is 66420229177 a composite number?
True
Is 1225953007 a composite number?
False
Is 21520110893 prime?
False
Is 47148263299 composite?
False
Is 3267716393 prime?
True
Is 29911031 a prime number?
False
Is 64686026147 prime?
False
Is 4697130803 prime?
True
Is 926941481 composite?
True
Is 1381871891 a prime number?
True
Is 2658965249 prime?
False
Is 89880907 composite?
True
Is 2342379511 prime?
True
Is 174763154045 prime?
False
Is 46415424047 a prime number?
False
Is 12966025013 a prime number?
False
Is 7054763627 a prime number?
True
Is 58501422719 prime?
True
Is 2723252813 composite?
False
Is 6563727019 a composite number?
True
Is 10786928413 a prime number?
False
Is 4775565997 a composite number?
False
Is 1868629927 a composite number?
False
Is 33841632791 a composite number?
True
Is 388061027 prime?
True
Is 106687574477 a composite number?
True
Is 1241260277 composite?
False
Is 1114704649 composite?
True
Is 7678022347 a composite number?
True
Is 107488110949 a prime number?
False
Is 2015607203 a prime number?
True
Is 5665548737 a prime number?
True
Is 5243814938 a composite number?
True
Is 1691834321 a prime number?
True
Is 1762656223 prime?
False
Is 82262418653 a prime number?
False
Is 24883739609 composite?
False
Is 26805623891 a prime number?
True
Is 1960920011 a prime number?
True
Is 266236519 composite?
True
Is 6011045869 prime?
True
Is 430178413937 a prime number?
True
Is 52593376963 prime?
False
Is 11051614741 a prime number?
True
Is 335848397 composite?
False
Is 323474777 a composite number?
True
Is 3443548897 a prime number?
True
Is 1826195053 composite?
True
Is 535553633 a composite number?
False
Is 1997629979 composite?
False
Is 129529181 a composite number?
True
Is 383199347 composite?
False
Is 23659772813 a composite number?
False
Is 7296279413 a prime number?
False
Is 74279070911 composite?
False
Is 83031433 prime?
False
Is 12818699507 a composite number?
False
Is 4772880573 a composite number?
True
Is 13821079297 composite?
True
Is 754815407 composite?
False
Is 30420782999 a composite number?
False
Is 109745569 a prime number?
False
Is 18611855681 prime?
False
Is 1155381373 a composite number?
True
Is 3562930477 composite?
True
Is 909291689 a prime number?
True
Is 485375677287 composite?
True
Is 624887987 a prime number?
False
Is 4085638829 prime?
False
Is 34978153099 composite?
False
Is 517829029 composite?
True
Is 3771936237 composite?
True
Is 197377717 prime?
True
Is 32661176291 prime?
False
Is 51051130667 a prime number?
True
Is 16884383743 a prime number?
False
Is 86626846077 composite?
True
Is 21855103934 a composite number?
True
Is 20869949 composite?
False
Is 14440310114 composite?
True
Is 389680957 a composite number?
False
Is 17882599354 a prime number?
False
Is 1993965419 prime?
False
Is 5541541043 a prime number?
False
Is 2940597091 a pri